ase 8?
37150
1036 (base 11) to base 16
55a
Convert -212605 (base 7) to base 13.
-13ac2
Convert -627 (base 13) to base 2.
-10000010111
What is -c5b (base 15) in base 5?
-42121
110133 (base 6) to base 12
5349
-4213 (base 6) to base 10
-945
-51 (base 14) to base 6
-155
15266 (base 14) to base 8
146612
Convert -100001012 (base 3) to base 7.
-25136
Convert -302301 (base 4) to base 13.
-162c
What is 1110100010 (base 2) in base 10?
930
What is -12102 (base 3) in base 6?
-402
What is 32a (base 11) in base 15?
1b5
What is -11001000 (base 3) in base 8?
-5577
Convert 67a2 (base 13) to base 7.
60160
232121 (base 4) to base 5
43334
5b5 (base 14) to base 2
10001110011
Convert -3123111 (base 5) to base 13.
-1a687
What is -1453 (base 7) in base 12?
-401
Convert 102100222 (base 3) to base 14.
3040
Convert -511a (base 11) to base 2.
-1101010001101
Convert 1000010010001 (base 2) to base 7.
15236
What is bd7c (base 15) in base 2?
1001110011100111
3037 (base 8) to base 3
2011001
2155 (base 12) to base 3
12000202
406 (base 8) to base 15
127
What is -647 (base 9) in base 6?
-2241
What is 34615 (base 9) in base 2?
101101000111011
What is 32845 (base 9) in base 13?
9c23
What is 692 (base 13) in base 10?
1133
-41005 (base 7) to base 9
-14577
-11124 (base 5) to base 2
-1100010101
What is 5626 (base 8) in base 9?
4055
Convert 101011111010011 (base 2) to base 12.
11017
2044 (base 15) to base 6
51314
111011010000111 (base 2) to base 6
352251
What is 1d82 (base 14) in base 16?
151e
What is -1001010110001 (base 2) in base 6?
-34053
-146 (base 12) to base 14
-102
-10109 (base 11) to base 4
-3212303
What is -8543 (base 14) in base 12?
-1137b
Convert 10001 (base 2) to base 16.
11
Convert -304341 (base 6) to base 8.
-57405
Convert 1570 (base 11) to base 7.
5604
Convert 1011110021 (base 3) to base 8.
54622
What is -10004 (base 8) in base 11?
-3098
32c (base 14) to base 10
628
2000200 (base 3) to base 6
10500
Convert -20516 (base 7) to base 15.
-1775
Convert 21332 (base 8) to base 11.
6781
What is 11011100 (base 2) in base 5?
1340
Convert 338 (base 12) to base 14.
260
Convert -8b17 (base 13) to base 14.
-7139
Convert 1340 (base 10) to base 4.
110330
What is 2011120 (base 3) in base 11?
1208
What is 3313 (base 7) in base 9?
1557
5645 (base 14) to base 6
153125
What is -42d8 (base 15) in base 4?
-3131021
Convert -14 (base 10) to base 8.
-16
What is 21313 (base 9) in base 3?
201100110
What is -40450 (base 6) in base 13?
-2592
Convert 227 (base 10) to base 14.
123
1d4 (base 14) to base 16
17e
Convert 10010011000101 (base 2) to base 10.
9413
What is -2395 (base 12) in base 4?
-332201
22d (base 15) to base 13
2bc
-77a (base 11) to base 15
-424
Convert -39d (base 14) to base 6.
-3211
-244 (base 9) to base 15
-d7
What is 22323 (base 8) in base 2?
10010011010011
What is -4366 (base 14) in base 8?
-26606
35532 (base 6) to base 11
3979
Convert 21010 (base 3) to base 9.
233
What is 825 (base 15) in base 5?
24320
132213 (base 4) to base 8
3647
106 (base 10) to base 3
10221
What is 8650 (base 11) in base 4?
2302211
What is -834 (base 13) in base 7?
-4032
Convert -609 (base 11) to base 5.
-10420
Convert -13543 (base 6) to base 4.
-201213
What is 2737 (base 8) in base 14?
795
766 (base 10) to base 6
3314
What is 508 (base 11) in base 15?
2ad
29d5 (base 16) to base 9
15618
-11010111 (base 2) to base 13
-137
Convert 3036 (base 11) to base 6.
30400
18c0 (base 14) to base 8
10600
Convert -11100001 (base 2) to base 12.
-169
-4442 (base 5) to base 11
-516
-12315 (base 8) to base 12
-30b9
What is 1a6 (base 14) in base 8?
526
What is 53362 (base 7) in base 11?
9a33
Convert -201121011 (base 3) to base 9.
-21534
Convert 422234 (base 5) to base 2.
11011011110101
1132003 (base 5) to base 3
1001122021
1000111011111 (base 2) to base 7
16224
-27a (base 11) to base 7
-650
8783 (base 16) to base 3
1202120212
731 (base 8) to base 3
122112
Convert -4a8 (base 16) to base 2.
-10010101000
What is 21207 (base 9) in base 8?
33304
What is 111012 (base 3) in base 2?
101100100
Convert 2100200 (base 3) to base 12.
bb3
What is -24645 (base 10) in base 16?
-6045
b01 (base 15) to base 6
15244
What is -10010111111001 (base 2) in base 9?
-14301
25405 (base 8) to base 5
323023
-65573 (base 9) to base 11
-2a73a
What is 4e5 (base 15) in base 8?
2133
What is 1346 (base 11) in base 16?
6d0
257e (base 15) to base 6
101002
What is 566 (base 10) in base 13?
347
What is b (base 16) in base 3?
102
2054 (base 6) to base 13
29b
What is -10577 (base 10) in base 9?
-15452
What is -7403 (base 8) in base 12?
-2283
What is 7414 (base 14) in base 16?
4e2a
12042 (base 5) to base 7
2421
What is -1022122 (base 3) in base 16?
-3c2
-230 (base 13) to base 6
-1425
Convert 1054 (base 7) to base 11.
318
What is -32010 (base 6) in base 14?
-1810
-258 (base 15) to base 2
-1000010101
Convert -1306 (base 12) to base 6.
-14010
-54647 (base 8) to base 11
-16275
Convert -110011011001 (base 2) to base 15.
-e94
-167 (base 14) to base 16
-11f
What is -b64 (base 13) in base 8?
-3625
4787 (base 10) to base 3
20120022
What is 306a (base 12) in base 7?
21232
What is -7cd9 (base 14) in base 11?
-15384
43022 (base 6) to base 2
1011011010110
-2100202111 (base 3) to base 6
-555104
aa4 (base 15) to base 10
2404
-10408 (base 12) to base 5
-1140240
What is -2a0 (base 15) in base 13?
-372
Convert 1011111001111 (base 2) to base 4.
1133033
-23c9 (base 14) to base 6
-44541
Convert 100010010 (base 2) to base 15.
134
-40 (base 12) to base 3
-1210
Convert -1100010110101111 (base 2) to base 6.
-1030143
Convert -352 (base 15) to base 16.
-2f0
-3210142 (base 5) to base 7
-312562
Convert 111100010 (base 2) to base 7.
1256
36b5 (base 14) to base 13
447c
Convert -2211010 (base 3) to base 16.
-807
What is -454 (base 9) in base 13?
-229
Convert -34213 (base 6) to base 10.
-4833
Convert -11241 (base 8) to base 15.
-162e
Convert -5325 (base 11) to base 16.
-1b85
What is -12352 (base 9) in base 4?
-2001311
-68 (base 11) to base 9
-82
175 (base 8) to base 11
104
-21101220 (base 3) to base 9
-7356
4a2 (base 12) to base 13
419
Convert 3662 (base 10) to base 6.
24542
100101101011 (base 2) to base 9
3268
-202120 (base 3) to base 10
-555
What is -1101101110111 (base 2) in base 3?
-100122102
-1310130 (base 5) to base 10
-25665
What is -6633 (base 7) in base 5?
-34001
Convert -2373 (base 9) to base 14.
-903
Convert -3002023 (base 4) to base 2.
-11000010001011
Convert -1485 (base 9) to base 13.
-68c
Convert 3114 (base 5) to base 7.
1123
Convert 22212122 (base 3) to base 16.
1946
-3098 (base 11) to base 8
-10004
Convert 2649 (base 10) to base 12.
1649
Convert -1225 (base 6) to base 16.
-131
What is -14132 (base 5) in base 8?
-2217
-844 (base 9) to base 6
-3104
191 (base 12) to base 13
166
Convert 121211 (base 3) to base 6.
2034
Convert 80c (base 14) to base 16.
62c
What is 24251 (base 7) in base 5?
200213
Convert 596 (base 10) to base 11.
4a2
What is -1421 (base 7) in base 11?
-464
100100100001 (base 2) to base 8
4441
What is -21220 (base 4) in base 16?
-268
What is -7c5 (base 13) in base 10?
-1344
What is -a6b1 (base 12) in base 6?
-220341
Convert -354 (base 10) to base 3.
-111010
10121111220 (base 3) to base 6
1305040
36111 (base 9) to base 2
101111001010100
Convert -68617 (base 9) to base 11.
-31376
Convert 43245 (base 6) to base 5.
142213
What is -115 (base 6) in base 13?
-38
1595 (base 16) to base 14
2029
What is 3211 (base 12) in base 15?
195a
-223300 (base 4) to base 2
-101011110000
What is -1220312 (base 6) in base 11?
-44855
Convert 114e (base 16) to base 6.
32302
Convert 11011 (base 4) to base 12.
231
Convert 1210012 (base 3) to base 2.
10100010101
-1710 (base 9) to base 6
-10013
535d (base 14) to base 5
430031
-7271 (base 9) to base 5
-132304
Convert 16632 (base 8) to base 14.
2a94
What is -135a6 (base 11) in base 4?
-10232123
Convert -542 (base 16) to base 13.
-7c7
431 (base 10) to base 13
272
What is -13314 (base 6) in base 14?
-a74
Convert -230322 (base 5) to base 11.
-6196
Convert -332 (base 5) to base 16.
-5c
715 (base 11) to base 8
1537
-5198 (base 11) to base 12
-3b97
What is 21202 (base 4) in base 8?
1142
Convert -a18 (base 13) to base 6.
-11531
120122 (base 3) to base 15
1d2
Convert 1111011 (base 2) to base 4.
1323
Convert 101102 (base 4) to base 5.
13411
What is -1473 (base 13)